) = 21*c + 49. Let x be (-5 + 3)*(8 - 7). Let s be z(x). What is o(s)?
-9
Let t(v) = -v**2 + 8*v + 8. Suppose -l - 5 = 0, 6*g = 5*g - 3*l - 10. Let q(c) = -2*c**2 + 18*c + 17. Let f(n) = g*t(n) - 2*q(n). Determine f(6).
-6
Let p(u) = -2*u**3 - 3*u**2 - 2*u - 3. Let s be p(-2). Suppose -s*g + 4 + 21 = 0. Let d(v) = -6*v**2 - 7 + 8*v + v**2 + 4*v**2. What is d(g)?
8
Suppose -3 = -3*k - 9. Let i be (k + 3)*(4 + 1). Let t(o) = -8 + 2*o - i - o + 10. Determine t(-5).
-8
Let f(j) = j**2 - 13*j + 2. Let b(s) = s**3 - 17*s**2 - 22*s + 92. Let l be b(18). Suppose 0*g + 52 = 4*g - 4*h, -l = -2*g - h. Calculate f(g).
-20
Suppose 0 = 2*k + 1 - 13. Let o(z) be the second derivative of -z**4/12 + 7*z**3/6 - z**2 + 24460*z. What is o(k)?
4
Let k(w) = -6366083 - 36*w - 3*w**2 + 7*w**2 + 6366074. Calculate k(9).
-9
Let a(m) = -6*m + 19. Suppose 16 = -2*v, -91 + 3 = 4*j + v. What is a(j)?
139
Let p(q) = 7*q**2 - 13*q + 220. Let f(c) = -13*c**2 + 24*c - 419. Let s(y) = 6*f(y) + 11*p(y). Calculate s(0).
-94
Suppose 0 = 8*v + 3 - 35. Suppose 0*z - v*z = -u + 22, 0 = 4*u + 4*z - 48. Let w(c) = -c + 8. What is w(u)?
-6
Let a(n) be the first derivative of -n**4/4 - 2*n**3/3 - n**2/2 + 2*n - 28. Let y be (76/95)/(-4 - 44/(-10)). Give a(y).
-16
Suppose g = 2*o - 27, -2*o - 21 = -5*g - 60. Let i(c) = -c**2 + 14*c - 24. Determine i(o).
0
Let x(c) be the third derivative of -1/4*c**4 + 5/3*c**3 + 0*c + 3 + 1/10*c**5 + 1/120*c**6 + 18*c**2. Determine x(-7).
3
Let c(z) = -6*z + 284. Let j(i) = -i**2 + 549*i - 5341. Let f be j(10). What is c(f)?
-10
Let c(z) = -2*z**3 + 3*z**2 - z - 2. Let m be (-3)/5 + (-1465)/(-25). Suppose -l + 4*t = 44, 2*l - 2*t + 130 - 24 = 0. Let i = m + l. Give c(i).
-8
Let w(u) = -u**3 + 20*u**2 + 9*u + 252. Let i be w(21). Let j(y) = -2 - y + i + 4 + 2*y**2 - 6. Give j(-4).
32
Let p be 330/30 + -1*10. Let y(l) = -2*l**2 - l + 2. Give y(p).
-1
Let i(u) be the third derivative of -17*u**8/3360 - u**5/120 - u**4/24 + 68*u**3/3 + u**2 + 67*u. Let c(b) be the second derivative of i(b). Give c(-1).
33
Let w(p) = 5*p + 4*p + 5*p + 15 + 2 - 16*p. What is w(17)?
-17
Suppose -3*c + c + 6 = 0. Let s(y) be the first derivative of -y**4/12 + 2*y**3/3 - y**2 + 42*y - 12. Let r(t) be the first derivative of s(t). Determine r(c).
1
Let d(j) = -2*j**3 + 2*j**2 + 4. Let s = 6883 - 6881. Give d(s).
-4
Let u be 4/(-5) - (-14)/5. Let r(q) = q**3 - 1 + 0*q**3 - 13112*q + 13113*q + q**u. Let d be (-3)/(9/(-6)) - 2. Give r(d).
-1
Suppose 4*f = -17*w + 16*w - 16, 0 = 4*f + 20. Let q be w/6 - 276/(-207). Let s(n) = 2*n + 4 - 2 - n. What is s(q)?
4
Let t(w) be the first derivative of w**2/2 - 10*w - 2. Let x(s) = s - 9. Let k(l) = 5*t(l) - 6*x(l). Suppose -11299*i + 165 = -11244*i. What is k(i)?
1
Suppose 12*i - 63 + 15 = 0. Let m(q) = 8*q**3 + 4*q**2 + 3*q - 8. Let a(l) = -7*l**3 - 3*l**2 - 2*l + 7. Let r(z) = -7*a(z) - 6*m(z). Determine r(i).
-1
Let b = 23 - -2. Suppose -3*y + 13 = 2*z - 0*y, 4*y - b = 5*z. Let n(w) = w - 241. Let s(x) = -3*x + 422. Let d(m) = -7*n(m) - 4*s(m). Calculate d(z).
-6
Suppose 0 = -17*j - 27672 + 27315. Let y(h) = 4*h**2 + 81*h - 55. Determine y(j).
8
Let d be 2 + 9/24 + (-397)/(-8). Let q = 59 - d. Let g(j) = 49*j - 2*j**2 - 48*j + 9*j**2 - j**3 + 8. Give g(q).
15
Let a(g) be the third derivative of 1/20*g**5 - 1/3*g**3 + 1/40*g**6 + 0*g**4 + 0*g - 3 + 7*g**2. Give a(-2).
-14
Let n(t) = 2*t + 6 - 5*t + 8*t + 7*t. Let z be n(-1). Let k(u) = 4*u + 9. Let r(v) = 21*v + 45. Let d(i) = -11*k(i) + 2*r(i). Determine d(z).
3
Let w(m) = 5*m**2 + m + 6. Let s(q) = -2*q**2 - q - 2. Let f(b) = 2*s(b) + w(b). Let x(n) = n**2 - n + 5. Let h(t) = -7*f(t) + 3*x(t). Give h(2).
-7
Let j(h) be the second derivative of -h**5/60 - 5*h**4/12 - h**3/2 + 47*h**2/2 + h + 6. Let t(s) be the first derivative of j(s). Determine t(-9).
6
Let n(p) = 5*p**3 + p**2 - 2*p - 28. Let b(h) = -h**3 + 5. Let x(v) = -6*b(v) - n(v). Suppose 5*z + 6*g = 2*g + 3, 2*z - 2*g - 12 = 0. Give x(z).
22
Let o(v) = 8*v**3 - 4*v**2 - 11*v + 20. Let i(y) = -3*y**3 + y**2 + 4*y - 7. Let a(w) = 11*i(w) + 4*o(w). Calculate a(-5).
3
Let v(h) = 42*h + 175. Suppose -202 - 70 = 68*s. Calculate v(s).
7
Let q(u) be the second derivative of u**4/12 - 17*u**3/6 - 7*u**2 + 5386*u. Give q(0).
-14
Let k(f) be the second derivative of 1/20*f**5 + 5*f**2 - 2*f - 12 + 3/4*f**4 + 3/2*f**3. Determine k(-8).
2
Let q(z) = 7*z**3 + z**2 - 9*z + 10. Let r(y) = y**3 - y + 1. Let x(p) = q(p) - 6*r(p). Let k be -10 + 11 + -1 + 0 - 3. Calculate x(k).
-5
Let c be -7 + (75/5 - 9). Let y(x) = -2*x. Let f(b) = 24*b - 3. Let v(m) = c*f(m) - 9*y(m). Calculate v(-5).
33
Let u = 67975 + -67978. Let o(x) = 12*x + 2. Let i(s) = -25*s - 4. Let q(c) = 2*i(c) + 5*o(c). What is q(u)?
-28
Let y(j) be the first derivative of -2*j**3 + 3*j**2/2 + 2*j + 1980. Let v(q) = 11*q**2 - 8*q + 6*q**2 - 5 - 1. Let p(t) = 4*v(t) + 11*y(t). Calculate p(2).
8
Let y(x) = 2*x - 9. Let h(l) = -2. Let z(a) = 4*h(a) - y(a). Let d be 0 + 5 + (-11 + 10)/1. Calculate z(d).
-7
Let f(c) = -c**2 - 2*c + 60. Let p be 8 + 2/(-5) - 9/15. Calculate f(p).
-3
Let q(t) be the second derivative of 27*t**5/20 - t**4/12 + t**2/2 - 3141*t. Let k(s) = -s**2. Let c be k(-1). What is q(c)?
-27
Let v(p) = -p**3 + p**2 - p - 1. Let d(a) be the third derivative of 7*a**6/120 - a**5/60 + a**4/8 + a**3 - 26*a**2. Let l(u) = -d(u) - 6*v(u). Give l(-5).
-15
Let c(a) = 41*a**3 + 0 + 0*a - 1 + a. Let s = 93666 - 93665. Determine c(s).
41
Let g(q) = 96333*q + 96462*q - 192896*q. Give g(-1).
101
Let g(m) = 2*m**2 - 43 - 48 + 0*m**2 - 46 + 97 - 38*m. Give g(20).
0
Let m be 7 - -10*(-11)/10. Let s(z) = 3*z + 22. Determine s(m).
10
Let f(x) = 75*x**2 - 223*x**2 + 71*x**2 + 3*x**3 - x + 76*x**2 + 20*x**3. Let a(s) = s**2 - 4*s + 3. Let o be a(2). Determine f(o).
-23
Let m(i) be the first derivative of i**5/15 - i**4/24 + 25*i**2/2 + 2*i + 17. Let q(z) be the second derivative of m(z). Give q(2).
14
Let h(x) be the first derivative of x**2/2 + 6*x - 17. Let r be (-28)/2*(3/1)/(-6). Determine h(r).
13
Let j(h) = 2*h**2 + 4*h + 7. Let b(v) = 3*v**2 + 7*v + 16. Let i(g) = 3*b(g) - 5*j(g). Let r(w) = w + 9. Let z be r(-9). Determine i(z).
13
Let a(h) be the third derivative of 1/120*h**6 + 0*h + 0 - 23/60*h**5 - 23/24*h**4 + 107*h**2 - 3*h**3. What is a(24)?
6
Let n(d) be the third derivative of -d**5/60 + 13*d**4/24 - 7*d**3/6 + d**2 + 348. Determine n(12).
5
Let n(h) = -h**3 + 7*h**2 - 12*h + 12. Let o be n(5). Let d(v) = -2*v**3 + 4*v**2 - 2*v + 4. Give d(o).
0
Suppose 130*l + t - 1 = 129*l, -2*t - 22 = -4*l. Let z(k) be the first derivative of 1/3*k**3 + l*k - 12 - 3/2*k**2. What is z(4)?
8
Let b(a) be the third derivative of 0*a + 0*a**5 + 69*a**2 + 0 + 1/120*a**6 - 4/3*a**3 - 1/24*a**4. Determine b(0).
-8
Let s(f) = f**2 + 3*f - 11. Let b(m) = 5*m**3 - 4*m**2 + 6*m - 8. Let j be b(2). Suppose 0 = 2*w - 4*w + 5*o - 36, 0 = 5*w + 3*o + j. Determine s(w).
29
Let v(c) = c**2 - 258 + 2*c + 259 + 3*c**2. Let z(t) = -t**3 - 4*t**2 - 3*t - 6. Let y be z(-4). Let k(o) = -o + 5. Let q be k(y). Determine v(q).
3
Let p(r) = r**3 + 5*r**2 + 2*r + 5. Let j be (6 - -204)*(0 + 1). Let g = 205 - j. What is p(g)?
-5
Let p = 13 - -18. Suppose 9*c = -78 + 384. Let q = c - p. Let o(s) = -4*s + 1. What is o(q)?
-11
Suppose j + j = 14. Let w(o) = -o**3 - 8*o**2 + 2*o + 13. Let k(s) = -5*s**3 - 32*s**2 + 6*s + 54. Let y(b) = -2*k(b) + 9*w(b). Give y(j).
2
Let z be (16/14)/((-22)/(-77)). Suppose -1 = z*r - 3*r + 2*q, 5*q - 10 = 0. Let m(o) = o + 1 - 2*o - 2. What is m(r)?
4
Let t(i) be the third derivative of i**4/24 + 3*i**3/2 - 4*i**2. Let x(r) = 30*r - 187. Let k be x(6). Give t(k).
2
Let j be (2 + 15/(-6))*(-48)/(-2 + 10). Let x(q) = 2*q + 3 - q**2 + q - q**2 + q**2. What is x(j)?
3
Let j = -17417 - -17424. Let z(s) be the third derivative of s**5/60 - 5*s**4/24 - 3*s**3/2 - 4*s**2. Give z(j).
5
Let j(t) be the third derivative of 5*t**4/12 + 5*t**3/6 - 21*t**2. Let s(l) = -l - 1. Let u(o) = j(o) + 5*s(o). Determine u(2).
10
Suppose 501*l = 496*l + 10. Let m(t) = -40*t - 3. Determine m(l).
-83
Let q(a) = a**3 - 8*a**2 - 19*a - 5. Suppose 0 = -2*h - 2*b + 10, -3*h + 8*h - 35 = -3*b. Give q(h).
5
Let d be (4*3/6)/2. Let o(k) = 5*k**3 + k**2 - 6*k + 2. Let w(g) = -5*g**3 - g**2 + 9*g - 3. Let a(x) = -3*o(x) 